= t**3 + 5*t**2 - 8*t - 8. Let r be h(-6). Let k be (-19)/7 + (-150)/35 + r. Let n(l) = 7*l + 4. Calculate n(k).
-17
Let s(j) = 27 + 20 - 12 - 27*j + 26*j. Calculate s(19).
16
Suppose -5*f - o = 15, -90*o + 92*o = 0. Let j(v) = -v - 5. Determine j(f).
-2
Let d(o) = -o**2 + 3*o - 3 - o**3 + 0*o**3 + 3*o**2. Let z be -33*(-2 + 3) + 4. Let p = z + 32. What is d(p)?
-3
Let v(m) = -m**3 + 5*m**2 + 6*m - 6. Let p = -9 - -17. Let x = -1 + 3. Suppose 4 + p = x*i. What is v(i)?
-6
Let a(g) = 105 + 6*g - 107 - g - 3*g**2 + 3*g**2 + g**2. Let h(i) = i - 1. Let t be h(-4). Determine a(t).
-2
Let z be 18/(-5)*(-5)/1. Suppose 2*c = -0*m + 5*m - 13, -5*m + z = 3*c. Let o(h) = -4*h**3 - h**2 - h + 1. Give o(c).
-5
Let y = -110 + 112. Let g(f) be the first derivative of -3 - 1/2*f**y + 12*f. Give g(6).
6
Let k(c) be the first derivative of c**6/120 + 11*c**5/60 + c**4/24 + 13*c**3/6 - 25*c**2/2 + 10. Let w(n) be the second derivative of k(n). Calculate w(-11).
2
Let v(j) = j**2 + j + 3. Let x(y) = -y**2 - 3. Let o(k) = -7*v(k) - 6*x(k). Calculate o(-3).
9
Suppose 2*m - 2 = o + 15, 3*o = 4*m - 39. Let a(b) be the third derivative of -b**4/8 + 4*b**3/3 + 14*b**2. What is a(m)?
-10
Suppose v + 0 = 2. Let n(k) = k + 15 - k + 11 - 5*k - 25. What is n(v)?
-9
Suppose 2*x + 2*x = 20. Let h(u) = -2*u + 3. Let a(t) = -3*t + 2. Let i(v) = x*a(v) - 6*h(v). Calculate i(-6).
10
Let b(n) = -n**3 + 64*n**2 - 122*n - 127. Let k be b(62). Let d(u) = -15*u - 4. Determine d(k).
41
Let t(p) be the first derivative of p**3/3 + p**2 + 2. Suppose -6 = z - 4*z. Determine t(z).
8
Let q(i) = 35*i**2 + 5*i + 22. Let d(t) = -6*t**2 - t - 2. Let k(a) = 6*d(a) + q(a). Calculate k(-3).
4
Let b(a) = 35*a + 7. Let w(n) = n. Let v(h) = -b(h) + 6*w(h). Let j(c) = 14*c + 3. Let y(m) = 13*j(m) + 6*v(m). Determine y(2).
13
Let f(h) be the second derivative of h**5/20 + h**4/4 - 2*h**3/3 + h**2/2 + h. Let v(a) = -2*a - 38. Let r be 6/8 + 213/(-12). Let o be v(r). Calculate f(o).
1
Let k(p) = -18 - 27 + 27*p + 17*p - 42*p. What is k(19)?
-7
Let q = 45 - 54. Let d be (10 - 1) + 12/(q + 5). Let n(y) = y + y + 13 - 3*y. Give n(d).
7
Let d(n) be the second derivative of -n**3/6 - 13*n**2/2 - 9*n. Let r = 3 - 10. Let i be d(r). Let t(y) = -y**3 - 5*y**2 + 6*y + 1. Calculate t(i).
1
Let v(x) = 3 + x**2 + 87*x - 3*x**2 - 87*x + x**2. Let t = -12 + 15. Determine v(t).
-6
Let m(g) = -g**3 + 7*g**2 + 2*g - 19. Let w be 1/((116/28 - 2) + -2). Calculate m(w).
-5
Let g(i) = -i**2 - 2*i. Suppose -5*o - c + 33 = 0, -3*o + 3*c - 38 = -47. Calculate g(o).
-48
Let m(n) = n**3 + 16*n**2 - 8*n + 11. Let j(q) = -q**3 - 14*q**2 + 7*q - 10. Let f(t) = -6*j(t) - 5*m(t). Give f(-4).
13
Suppose -o - o = -6. Let f(x) = -37*x + 91*x - 35*x - 30*x - 3. Let p(k) = -6*k - 2. Let w(g) = o*f(g) - 5*p(g). Calculate w(3).
-8
Let i(q) be the second derivative of -q**5/60 - q**4/4 + 2*q**3/3 + 3*q**2/2 - 42*q. Let k(h) be the second derivative of i(h). Calculate k(6).
-18
Suppose 2 = 6*c - 10. Let g(o) = o**2 - o + 2. Calculate g(c).
4
Suppose -3*u + h + 4 = -h, -4*u = -h + 3. Let l be u/10 + (-324)/(-45). Let m(f) = 2*f + f**3 + l + 7*f**2 - 12*f + 18*f. Determine m(-6).
-5
Let v(q) = 11*q + 27. Let d(y) = -9*y - 19. Let o(f) = -5*d(f) - 4*v(f). Suppose -2*a = -8 - 4. Determine o(a).
-7
Let v(b) = -12. Let i(u) = -2*u + 65. Let k(t) = -2*i(t) - 11*v(t). Let j = -4 + 9. Give k(j).
22
Let n(a) = a**2 - 12*a - 8. Let f = 37 - 24. Let l be n(f). Let v(o) = o**2 - 7*o + 1. Give v(l).
-9
Let i = 0 + 3. Let w(y) = 1 + 9*y - 3 + 0*y**i - 7*y**2 + y**3. Determine w(6).
16
Let i(l) = 4*l**3 - 7*l + 5. Let b(c) = 47 + c + 4*c**2 - 48 - 3*c**2 - c**3. Let w(v) = -5*b(v) - i(v). Let n = 1 - -2. What is w(n)?
-12
Let i(s) = s**3 - 9*s**2 + 15*s - 4. Let t be i(7). Let k(g) = g - t*g - 2*g + 5*g - 1. Give k(5).
4
Let i(z) = z**3 - 4*z**2 - 2*z + 4. Let q(t) = -t - 1. Let w(c) = -2*c**2 - c + 4. Let r(u) = 2*q(u) - w(u). Let j be r(-4). Let y = j - 26. What is i(y)?
-4
Suppose 11 = 9*u - 16. Suppose 0 = -u*h + 5*c - 11, 5*c = -4*h - 0*h + 32. Let l(o) = -o**3 + 3*o**2 - 3*o + 3. Calculate l(h).
-6
Let h(a) = a**3 + 10*a**2 - 10. Let j = -47 - -45. Let c be (-1 + 3)*j/((-2)/(-5)). Calculate h(c).
-10
Let j(v) be the third derivative of v**4/24 + 7*v**3/6 + v**2 + 4. Give j(-8).
-1
Let m = 1006 - 1006. Let w(l) = l - 29. What is w(m)?
-29
Let s be (-15)/9*(2 + 1). Let u(a) be the third derivative of a**6/120 + a**5/10 + 7*a**4/24 + 5*a**3/6 + 2*a**2. Calculate u(s).
-5
Let v(b) be the second derivative of -5*b + 1/6*b**3 + 0*b**4 + 0 + 1/5*b**5 + 0*b**2. Let x(m) = -m**3 + 5*m**2 + 5*m + 7. Let q be x(6). Calculate v(q).
5
Let i(n) be the third derivative of 0 - 1/6*n**3 + 0*n + 1/12*n**4 - n**2. Determine i(4).
7
Let y(r) = -r**2 + 7. Suppose -3*j = -2*i + 1, i + 11 - 1 = 5*j. Give y(j).
-2
Let c(w) = -19*w - 2. Let l(z) = 84*z + 11. Let n(k) = -11*c(k) - 2*l(k). What is n(-1)?
-41
Suppose -10*g - 39 = 21. Let c(z) = -3*z - 15. Determine c(g).
3
Let p be (-1)/5 + (784/(-40))/7. Let d(k) be the third derivative of 2/3*k**3 + 1/120*k**6 + 0*k + 1/60*k**5 + 0*k**4 + 0 + 2*k**2. What is d(p)?
-14
Let l be 120/(-10)*2/4. Let h(i) = 0*i**2 + i**2 + 10 + 5 + 3*i + 4*i. Let n(b) = -2*b**2 - 14*b - 31. Let v(r) = l*n(r) - 13*h(r). What is v(-7)?
-9
Let q(v) = 0*v + 0*v - v. Suppose y + i = -3*i - 115, 4*i = y + 91. Let h = y + 107. What is q(h)?
-4
Let f(k) = 3*k + 256 - 4*k - 256. Let y(s) = -2*s. Let u(d) = -f(d) + y(d). What is u(-5)?
5
Let k(w) = -20*w**3 - w**2 - 5*w. Let i(x) = -x**3 - x. Let a = 30 - 20. Let q = a - 9. Let l(u) = q*k(u) - 5*i(u). Determine l(1).
-16
Let g(q) be the second derivative of 17*q - q**2 + 0 - q**3 - 1/20*q**5 + 2/3*q**4. Give g(7).
5
Let i(g) = -g**3 - 12*g**2 - 38*g - 10. Let s be i(-6). Let t(h) be the first derivative of -h**2 + s*h - 5 - 1/3*h**3. What is t(-4)?
-6
Suppose 5*w + 50*c = 48*c - 24, 5*w + c = -27. Let i(z) = -z + 2*z + 0*z + 11. Determine i(w).
5
Let t(u) = -5*u + 248. Let a be t(48). Let c(o) = o**3 - 8*o**2 - 1. Calculate c(a).
-1
Let c = -4 - -7. Suppose 0 = c*o - 3*s - s - 20, 25 = -5*s. Suppose o = 10*t - 11*t - 4. Let z(n) = n + 2. What is z(t)?
-2
Suppose 3*x + 2*x = 20. Let t(w) = 23*w**2 + 6*w + 12. Let i(q) = 9*q**2 + 2*q + 6. Let l(z) = -5*i(z) + 2*t(z). Determine l(x).
18
Let c(s) = 307*s**3 - 5*s**2 + 4*s + 5 + 304*s**3 - 610*s**3. What is c(4)?
5
Let r(k) = 11*k + 10. Let z(o) = -81 + 158 - 5*o - 81. Let x(s) = 4*r(s) + 9*z(s). Calculate x(5).
-1
Let j(o) be the second derivative of -o**3/3 + 2*o**2 - o + 126. Calculate j(2).
0
Let q(t) = -t**3 - 6*t**2 - 6*t - 2. Let n be q(-5). Let u(h) = 0*h + 7*h - n*h**2 + 5*h**2 - h**2. Let w(s) = -8*s + 1. Let m be w(1). Determine u(m).
0
Let r(d) = -2*d**3 + 3*d**2 - d. Let n(h) = 7*h**3 - 12*h**2 - 4*h + 6. Let x(z) = n(z) + 3*r(z). What is x(4)?
-6
Suppose -5*u = 4*l + 17, 3*u + 2 = -2*u + l. Let f be (u - (-3 + 7))/(-1). Suppose -10 = 5*b, -f*m - 9 = b + 8. Let j(z) = -2*z**2 - 3*z + 4. Determine j(m).
-5
Let a(j) be the first derivative of -j**2/2 - 80. Determine a(-1).
1
Let r be (-2 - 3)*(-4)/10. Let y(v) = r + 0 + v + 5. What is y(-6)?
1
Let s(b) be the third derivative of -b**6/120 - b**5/15 - b**4/6 - b**3 + 39*b**2. Give s(-3).
-3
Let n(f) = 7*f**3 + 4*f**2 - 3*f - 2. Let q(i) = -11*i**3 - 6*i**2 + 4*i + 3. Let g(d) = 8*n(d) + 5*q(d). Let o = -11 + 8. Give g(o).
2
Let w(s) = s - 13*s**2 - 4 + 3 + 2*s**2. Suppose 2*d = -0*d + 2*r - 4, 5*d + r - 14 = 0. Suppose -4*x - d*x = -6. What is w(x)?
-11
Suppose -18*b + 177 = 33. Suppose 2*j + 6 = 5*j. Let w(m) = 4 + 2*m - 1 + j - b. Calculate w(-4).
-11
Let d(g) = 14*g + 21. Let b(m) = 12*m + 22. Let s(l) = -5*b(l) + 4*d(l). Let h(j) = 3*j + 17. Let w be (10/8)/(2/8). Let y(f) = w*s(f) + 7*h(f). Give y(8).
-3
Let p(c) = 31 + 10 - 11 + 51*c. Let z(w) = 5*w + 3. Let a(k) = -2*p(k) + 21*z(k). Give a(-3).
-6
Let v(x) = 2*x**3 - 13*x**2 + 7*x + 1. Let i be (2 - -4) + -5 + (1 - -4). Determine v(i).
7
Let p(g) = -21*g - 1. Let j(h) = -h**3 - 8*h**2 + 10*h + 13. Let w be j(-9). Suppose 5*d = n - w, -2*n - n - 8 = 5*d. Give p(n).
20
Suppose 0*t = 4*t - h - 10, 2*t = -2*h. Let o(w) = -3*w + 2*w + 0*w**2 + 10*w**3 + t*w**2 - 14*w**3. Let m(r) = r + 8. Let a be m(-7). Calculate o(a).
-3
Let l(g) = -3*g**3 + 4*g